{"id":71,"date":"2012-08-19T21:46:12","date_gmt":"2012-08-19T19:46:12","guid":{"rendered":"http:\/\/sozpt.fyi.sk\/?page_id=71"},"modified":"2019-01-25T09:43:41","modified_gmt":"2019-01-25T07:43:41","slug":"revizna-komisia","status":"publish","type":"page","link":"https:\/\/www.sozpt.sk\/?page_id=71","title":{"rendered":"Rev\u00edzna komisia"},"content":{"rendered":"<table border=\"0\">\n<tbody>\n<tr>\n<td valign=\"top\">ZO \u010d. 17<\/td>\n<td valign=\"top\">Tatiana Kov\u00e1\u010dov\u00e1<\/td>\n<td valign=\"top\">Predseda RK<\/td>\n<td valign=\"top\">0911 475 012<br \/>tatiana.kovacova@post.sk<\/td>\n<\/tr>\n<tr>\n<td valign=\"top\">ZO \u010d. 17<\/td>\n<td valign=\"top\">Andrea Kaiserov\u00e1<\/td>\n<td valign=\"top\">\u00a0<\/td>\n<td valign=\"top\">0914 700 418<br \/>andrea5505@azet.sk<\/td>\n<\/tr>\n<tr>\n<td valign=\"top\">ZO \u010d. 17<\/td>\n<td valign=\"top\">Vladim\u00edr Tulip\u00e1n<\/td>\n<td valign=\"top\">\u00a0<\/td>\n<td valign=\"top\">0903 723669<br \/>vladimir.tulipan@gmail.com<\/td>\n<\/tr>\n<\/tbody>\n<\/table>\n\n\n<p><\/p>\n","protected":false},"excerpt":{"rendered":"<p>ZO \u010d. 17 Tatiana Kov\u00e1\u010dov\u00e1 Predseda RK 0911 475 012tatiana.kovacova@post.sk ZO \u010d. 17 Andrea Kaiserov\u00e1 \u00a0 0914 700 418andrea5505@azet.sk ZO \u010d. 17 Vladim\u00edr Tulip\u00e1n \u00a0 0903 723669vladimir.tulipan@gmail.com<\/p>\n","protected":false},"author":1,"featured_media":0,"parent":115,"menu_order":2,"comment_status":"closed","ping_status":"closed","template":"","meta":[],"_links":{"self":[{"href":"https:\/\/www.sozpt.sk\/index.php?rest_route=\/wp\/v2\/pages\/71"}],"collection":[{"href":"https:\/\/www.sozpt.sk\/index.php?rest_route=\/wp\/v2\/pages"}],"about":[{"href":"https:\/\/www.sozpt.sk\/index.php?rest_route=\/wp\/v2\/types\/page"}],"author":[{"embeddable":true,"href":"https:\/\/www.sozpt.sk\/index.php?rest_route=\/wp\/v2\/users\/1"}],"replies":[{"embeddable":true,"href":"https:\/\/www.sozpt.sk\/index.php?rest_route=%2Fwp%2Fv2%2Fcomments&post=71"}],"version-history":[{"count":16,"href":"https:\/\/www.sozpt.sk\/index.php?rest_route=\/wp\/v2\/pages\/71\/revisions"}],"predecessor-version":[{"id":333,"href":"https:\/\/www.sozpt.sk\/index.php?rest_route=\/wp\/v2\/pages\/71\/revisions\/333"}],"up":[{"embeddable":true,"href":"https:\/\/www.sozpt.sk\/index.php?rest_route=\/wp\/v2\/pages\/115"}],"wp:attachment":[{"href":"https:\/\/www.sozpt.sk\/index.php?rest_route=%2Fwp%2Fv2%2Fmedia&parent=71"}],"curies":[{"name":"wp","href":"https:\/\/api.w.org\/{rel}","templated":true}]}}